{"id":97,"date":"2015-06-15T23:18:57","date_gmt":"2015-06-15T22:18:57","guid":{"rendered":"http:\/\/lomma.lions.se\/LC_Lomma\/?page_id=97"},"modified":"2025-02-25T14:14:22","modified_gmt":"2025-02-25T13:14:22","slug":"hur-blir-jag-en-lion-medlem","status":"publish","type":"page","link":"https:\/\/lomma.lions.se\/?page_id=97","title":{"rendered":"Bli medlem"},"content":{"rendered":"\t\t<div data-elementor-type=\"wp-page\" data-elementor-id=\"97\" class=\"elementor elementor-97\">\n\t\t\t\t<div class=\"has_eae_slider elementor-element elementor-element-a5d5da6 e-flex e-con-boxed e-con e-parent\" data-eae-slider=\"2583\" data-id=\"a5d5da6\" data-element_type=\"container\">\n\t\t\t\t\t<div class=\"e-con-inner\">\n\t\t\t\t<div class=\"elementor-element elementor-element-46bdae7 elementor-widget elementor-widget-text-editor\" data-id=\"46bdae7\" data-element_type=\"widget\" data-widget_type=\"text-editor.default\">\n\t\t\t\t<div class=\"elementor-widget-container\">\n\t\t\t\t\t\t\t\t\t<p><a href=\"https:\/\/lomma.lions.se\/wp-content\/uploads\/2025\/02\/korvaludan.jpg\"><img fetchpriority=\"high\" decoding=\"async\" class=\"size-medium wp-image-5330 alignright\" src=\"https:\/\/lomma.lions.se\/wp-content\/uploads\/2025\/02\/korvaludan-191x300.jpg\" alt=\"\" width=\"191\" height=\"300\" srcset=\"https:\/\/lomma.lions.se\/wp-content\/uploads\/2025\/02\/korvaludan-191x300.jpg 191w, https:\/\/lomma.lions.se\/wp-content\/uploads\/2025\/02\/korvaludan.jpg 405w\" sizes=\"(max-width: 191px) 100vw, 191px\" \/><\/a>St\u00e4ll dig sj\u00e4lv f\u00f6ljande fr\u00e5gor:<\/p><ul><li>Vill jag aktivt delta i samh\u00e4llsarbete?<\/li><li>Vill jag arbeta ideellt?<\/li><li>Vill jag tr\u00e4ffa nya sp\u00e4nnande personer?<\/li><li>Tror jag p\u00e5 att man tillsammans kan \u00e5stadkomma b\u00e4ttre samf\u00f6rst\u00e5nd m\u00e4nniskor emellan?<\/li><li>Vill jag tr\u00e4ffa kamrater f\u00f6r att arbeta och trivas tillsammans?<\/li><\/ul><p>Svarar du ja p\u00e5 dessa fr\u00e5gor, tror vi att du \u00e4r en blivande LION-medlem!<\/p><p>Intresserad att bli medlem eller att f\u00e5 mer information, kontakta oss p\u00e5 n\u00e5got av v\u00e5ra forum s\u00e5 \u00e5terkommer vi till dig s\u00e5 snart som m\u00f6jligt.<\/p><p>info@lomma.lions.se<br \/>Tel: 0708-66 33 00<\/p><p>Postadress<br \/>Lions Club Lomma<br \/>c\/o Jan Dahlqvist<br \/>Husarv\u00e4gen 3, 237 32 Bj\u00e4rred<\/p><p>2025-02-16\/Lisbeth Nilsson<\/p>\t\t\t\t\t\t\t\t<\/div>\n\t\t\t\t<\/div>\n\t\t\t\t\t<\/div>\n\t\t\t\t<\/div>\n\t\t\t\t<\/div>\n\t\t","protected":false},"excerpt":{"rendered":"<p>St\u00e4ll dig sj\u00e4lv f\u00f6ljande fr\u00e5gor: Vill jag aktivt delta i samh\u00e4llsarbete? Vill jag arbeta ideellt? Vill jag tr\u00e4ffa nya sp\u00e4nnande personer? Tror jag p\u00e5 att man tillsammans kan \u00e5stadkomma b\u00e4ttre [&hellip;]<\/p>\n","protected":false},"author":2,"featured_media":0,"parent":0,"menu_order":0,"comment_status":"closed","ping_status":"closed","template":"","meta":{"_bbp_topic_count":0,"_bbp_reply_count":0,"_bbp_total_topic_count":0,"_bbp_total_reply_count":0,"_bbp_voice_count":0,"_bbp_anonymous_reply_count":0,"_bbp_topic_count_hidden":0,"_bbp_reply_count_hidden":0,"_bbp_forum_subforum_count":0,"footnotes":""},"class_list":["post-97","page","type-page","status-publish","hentry","post-preview"],"_links":{"self":[{"href":"https:\/\/lomma.lions.se\/index.php?rest_route=\/wp\/v2\/pages\/97","targetHints":{"allow":["GET"]}}],"collection":[{"href":"https:\/\/lomma.lions.se\/index.php?rest_route=\/wp\/v2\/pages"}],"about":[{"href":"https:\/\/lomma.lions.se\/index.php?rest_route=\/wp\/v2\/types\/page"}],"author":[{"embeddable":true,"href":"https:\/\/lomma.lions.se\/index.php?rest_route=\/wp\/v2\/users\/2"}],"replies":[{"embeddable":true,"href":"https:\/\/lomma.lions.se\/index.php?rest_route=%2Fwp%2Fv2%2Fcomments&post=97"}],"version-history":[{"count":28,"href":"https:\/\/lomma.lions.se\/index.php?rest_route=\/wp\/v2\/pages\/97\/revisions"}],"predecessor-version":[{"id":5333,"href":"https:\/\/lomma.lions.se\/index.php?rest_route=\/wp\/v2\/pages\/97\/revisions\/5333"}],"wp:attachment":[{"href":"https:\/\/lomma.lions.se\/index.php?rest_route=%2Fwp%2Fv2%2Fmedia&parent=97"}],"curies":[{"name":"wp","href":"https:\/\/api.w.org\/{rel}","templated":true}]}}