{"id":111,"date":"2015-06-15T23:50:50","date_gmt":"2015-06-15T22:50:50","guid":{"rendered":"http:\/\/lomma.lions.se\/LC_Lomma\/?page_id=111"},"modified":"2020-02-09T14:01:45","modified_gmt":"2020-02-09T13:01:45","slug":"lionsstipendiater-genom-aren","status":"publish","type":"page","link":"https:\/\/lomma.lions.se\/?page_id=111","title":{"rendered":"Lions kulturstipendiater genom \u00e5ren"},"content":{"rendered":"\t\t<div data-elementor-type=\"wp-page\" data-elementor-id=\"111\" class=\"elementor elementor-111\">\n\t\t\t\t\t\t<section class=\"has_eae_slider elementor-section elementor-top-section elementor-element elementor-element-fb7c095 elementor-section-boxed elementor-section-height-default elementor-section-height-default\" data-eae-slider=\"30630\" data-id=\"fb7c095\" data-element_type=\"section\">\n\t\t\t\t\t\t<div class=\"elementor-container elementor-column-gap-default\">\n\t\t\t\t\t<div class=\"has_eae_slider elementor-column elementor-col-100 elementor-top-column elementor-element elementor-element-38b2f58\" data-eae-slider=\"6024\" data-id=\"38b2f58\" data-element_type=\"column\">\n\t\t\t<div class=\"elementor-widget-wrap elementor-element-populated\">\n\t\t\t\t\t\t<div class=\"elementor-element elementor-element-df76756 elementor-widget elementor-widget-heading\" data-id=\"df76756\" data-element_type=\"widget\" data-widget_type=\"heading.default\">\n\t\t\t\t<div class=\"elementor-widget-container\">\n\t\t\t\t\t<h2 class=\"elementor-heading-title elementor-size-default\">Kulturstipendiater genom tiderna<\/h2>\t\t\t\t<\/div>\n\t\t\t\t<\/div>\n\t\t\t\t\t<\/div>\n\t\t<\/div>\n\t\t\t\t\t<\/div>\n\t\t<\/section>\n\t\t\t\t<section class=\"has_eae_slider elementor-section elementor-top-section elementor-element elementor-element-5ea6240 elementor-section-full_width elementor-section-height-default elementor-section-height-default\" data-eae-slider=\"33016\" data-id=\"5ea6240\" data-element_type=\"section\">\n\t\t\t\t\t\t<div class=\"elementor-container elementor-column-gap-default\">\n\t\t\t\t\t<div class=\"has_eae_slider elementor-column elementor-col-50 elementor-top-column elementor-element elementor-element-12dbf14\" data-eae-slider=\"54563\" data-id=\"12dbf14\" data-element_type=\"column\">\n\t\t\t<div class=\"elementor-widget-wrap elementor-element-populated\">\n\t\t\t\t\t\t<div class=\"elementor-element elementor-element-3cb4d83 elementor-widget elementor-widget-text-editor\" data-id=\"3cb4d83\" data-element_type=\"widget\" data-widget_type=\"text-editor.default\">\n\t\t\t\t<div class=\"elementor-widget-container\">\n\t\t\t\t\t\t\t\t\t<ul><li><strong>2018\u00a0 <a href=\"https:\/\/lomma.lions.se\/wp-content\/uploads\/2020\/02\/2018ab.jpg\"><img decoding=\"async\" class=\"alignnone size-full wp-image-1249\" src=\"https:\/\/lomma.lions.se\/wp-content\/uploads\/2020\/02\/2018ab.jpg\" alt=\"\" width=\"150\" height=\"110\" \/><\/a><\/strong>Sara Masri-Fiol, Vidar Zetterman &#8211; saxofon, Joel Dalentoft &#8211; saxofon<\/li><li><strong>2017 <a href=\"https:\/\/lomma.lions.se\/wp-content\/uploads\/2020\/02\/2017.png\"><img decoding=\"async\" class=\"alignnone size-thumbnail wp-image-1261\" src=\"https:\/\/lomma.lions.se\/wp-content\/uploads\/2020\/02\/2017-150x150.png\" alt=\"\" width=\"150\" height=\"150\" \/><\/a><\/strong>Arvid Aronsson och\u00a0Judith Grad\u00e9n<\/li><li><strong>2016<\/strong>\u00a0Hannes Penns\u00e4ter, Oscar Reingsdahl och Petter Andersson<\/li><li><strong>2015<\/strong> \u00a0David Carls\u00e9n, Rebecka Rothstein och Jacob Erlandsson<\/li><li><a href=\"https:\/\/lomma.lions.se\/wp-content\/uploads\/2015\/10\/Stipendiater_2014.pdf\" target=\"_blank\" rel=\"noopener noreferrer\"><strong>2014<\/strong> Alma Aronsson Fiol, Emilia Andr\u00e9asson Teater<\/a>\u00a0(klicka p\u00e5 namnen f\u00f6r att l\u00e4sa mer)<\/li><li><strong>2013<\/strong> Peter Skopal Fiol, Magnus Britting Gitarr<\/li><li><a href=\"https:\/\/lomma.lions.se\/?page_id=257\"><strong>2012<\/strong> Lovisa Andersson Cello, S\u00e5ng, Sofia Wiktorsson Tv\u00e4rfl\u00f6jt, S\u00e5ng<\/a>\u00a0(klicka p\u00e5 namnen f\u00f6r att l\u00e4sa mer)<\/li><li><strong>2011<\/strong> Gustav Carlberg Oboe, Teater, Gustav Reingsdahl Gitarr<\/li><\/ul>\t\t\t\t\t\t\t\t<\/div>\n\t\t\t\t<\/div>\n\t\t\t\t\t<\/div>\n\t\t<\/div>\n\t\t\t\t<div class=\"has_eae_slider elementor-column elementor-col-50 elementor-top-column elementor-element elementor-element-5286784\" data-eae-slider=\"51511\" data-id=\"5286784\" data-element_type=\"column\">\n\t\t\t<div class=\"elementor-widget-wrap elementor-element-populated\">\n\t\t\t\t\t\t<div class=\"elementor-element elementor-element-9a11661 elementor-widget elementor-widget-text-editor\" data-id=\"9a11661\" data-element_type=\"widget\" data-widget_type=\"text-editor.default\">\n\t\t\t\t<div class=\"elementor-widget-container\">\n\t\t\t\t\t\t\t\t\t<ul><li><strong>2010<\/strong> Pernilla Lindau Teater, Tyko Carling Gitarr<\/li><li><strong>2009<\/strong> Viktor Jans\u00e5ker Gitarr, Richard Karlsson Slagverk<\/li><li><strong>2008<\/strong> <a href=\"https:\/\/lomma.lions.se\/wp-content\/uploads\/2020\/02\/2008.png\"><img decoding=\"async\" class=\"alignnone size-thumbnail wp-image-1242\" src=\"https:\/\/lomma.lions.se\/wp-content\/uploads\/2020\/02\/2008-150x150.png\" alt=\"\" width=\"150\" height=\"150\" \/><\/a>Anna Ohlin Teater, Nicole Persson Cello<\/li><li><strong>2007<\/strong> <a href=\"https:\/\/lomma.lions.se\/wp-content\/uploads\/2020\/02\/2007b.png\"><img loading=\"lazy\" decoding=\"async\" class=\"alignnone size-thumbnail wp-image-1241\" src=\"https:\/\/lomma.lions.se\/wp-content\/uploads\/2020\/02\/2007b-150x150.png\" alt=\"\" width=\"150\" height=\"150\" \/><\/a>Jenny Zhao Fiol, Ninni Molin Saxofon<\/li><li><strong>2006<\/strong> <a href=\"https:\/\/lomma.lions.se\/wp-content\/uploads\/2020\/02\/2006.png\"><img loading=\"lazy\" decoding=\"async\" class=\"alignnone size-thumbnail wp-image-1238\" src=\"https:\/\/lomma.lions.se\/wp-content\/uploads\/2020\/02\/2006-150x150.png\" alt=\"\" width=\"150\" height=\"150\" \/><\/a>Ida Samuelsson Bastuba, Erik Skopal Gitarr<\/li><li><strong>2005<\/strong> <a href=\"https:\/\/lomma.lions.se\/wp-content\/uploads\/2020\/02\/2005.png\"><img loading=\"lazy\" decoding=\"async\" class=\"alignnone size-thumbnail wp-image-1237\" src=\"https:\/\/lomma.lions.se\/wp-content\/uploads\/2020\/02\/2005-150x150.png\" alt=\"\" width=\"150\" height=\"150\" \/><\/a>Jenny Ekdahl Tv\u00e4rfl\u00f6jt, Jonatan Leo Saxofon<\/li><li><strong>2004<\/strong> <a href=\"https:\/\/lomma.lions.se\/wp-content\/uploads\/2020\/02\/2004.png\"><img loading=\"lazy\" decoding=\"async\" class=\"alignnone size-thumbnail wp-image-1236\" src=\"https:\/\/lomma.lions.se\/wp-content\/uploads\/2020\/02\/2004-150x150.png\" alt=\"\" width=\"150\" height=\"150\" \/><\/a>Wilhelm Henriksson Oboe, Rebecka Herbst Tv\u00e4rfl\u00f6jt<\/li><li><strong>2003<\/strong> <a href=\"https:\/\/lomma.lions.se\/wp-content\/uploads\/2020\/02\/2003.png\"><img loading=\"lazy\" decoding=\"async\" class=\"alignnone size-thumbnail wp-image-1235\" src=\"https:\/\/lomma.lions.se\/wp-content\/uploads\/2020\/02\/2003-150x150.png\" alt=\"\" width=\"150\" height=\"150\" \/><\/a>Bj\u00f6rn Nilsson Elbas, Josefin Karlsson Klarinett<\/li><li><strong>2002<\/strong> <a href=\"https:\/\/lomma.lions.se\/wp-content\/uploads\/2020\/02\/2002a.png\"><img loading=\"lazy\" decoding=\"async\" class=\"alignnone size-thumbnail wp-image-1232\" src=\"https:\/\/lomma.lions.se\/wp-content\/uploads\/2020\/02\/2002a-150x150.png\" alt=\"\" width=\"150\" height=\"150\" \/><\/a><a href=\"https:\/\/lomma.lions.se\/wp-content\/uploads\/2020\/02\/2002bb.png\"><img loading=\"lazy\" decoding=\"async\" class=\"alignnone size-thumbnail wp-image-1243\" src=\"https:\/\/lomma.lions.se\/wp-content\/uploads\/2020\/02\/2002bb-150x150.png\" alt=\"\" width=\"150\" height=\"150\" \/><\/a>Marcus Skantz Slagverk, Robert Bennesh Trumpet<\/li><li><strong>2001<\/strong> <a href=\"https:\/\/lomma.lions.se\/wp-content\/uploads\/2020\/02\/2001-e1581250860496.png\"><img loading=\"lazy\" decoding=\"async\" class=\"alignnone size-thumbnail wp-image-1231\" src=\"https:\/\/lomma.lions.se\/wp-content\/uploads\/2020\/02\/2001-150x150.png\" alt=\"\" width=\"150\" height=\"150\" \/><\/a>Ellen S\u00f6nnergren Tv\u00e4rfl\u00f6jt, Jenny Hansen Saxofon<\/li><li><strong>2000<\/strong> Josefine Storm Fiol, Susanne Nilsson Fiol<\/li><li><strong>1999<\/strong> Magnus Tr\u00e4g\u00e5rdh Fiol, Jimmy \u00c5kesson Trumpet<\/li><li><strong>1998<\/strong> Therese Larsson Saxofon, Cristoffer Jacobsson Slagverk<\/li><li><strong>1997<\/strong> Elin Persson Trumpet, Elin Tr\u00e4g\u00e5rdh Tv\u00e4rfl\u00f6jt<\/li><li><strong>1996<\/strong> David Carlzon Saxofon, Petter L\u00f6nn Cello<\/li><li><strong>1995<\/strong> Johan Ohlsson Saxofon, Tove Andersson Trombon<\/li><li><strong>1994<\/strong> Ann-Sofi H\u00f6iby Trumpet, Samuel Girhammar Fiol<\/li><li><strong>1993<\/strong> Gustaf Malmfors Klarinett, Sofia Hagman Tv\u00e4rfl\u00f6jt<\/li><li><strong>1991<\/strong> Per Nilsson-Stig Saxofon, Erik Palm\u00e9r Trumpet<\/li><li><strong>1990<\/strong> Emma Truedsson Cello, Henrik \u00c5kerlund Gitarr<\/li><li><strong>1989<\/strong> Anders Nilsson-Stig Saxofon, Olle Schnipper Saxofon<\/li><li><strong>1988<\/strong> \u00c5sa Odselius Tv\u00e4rfl\u00f6jt<\/li><li><strong>1987<\/strong> Ellen Olsson Gitarr<\/li><li><strong>1986<\/strong> Kristina Linde Klarinett<\/li><\/ul>\t\t\t\t\t\t\t\t<\/div>\n\t\t\t\t<\/div>\n\t\t\t\t\t<\/div>\n\t\t<\/div>\n\t\t\t\t\t<\/div>\n\t\t<\/section>\n\t\t\t\t<\/div>\n\t\t","protected":false},"excerpt":{"rendered":"<p>Kulturstipendiater genom tiderna 2018\u00a0 Sara Masri-Fiol, Vidar Zetterman &#8211; saxofon, Joel Dalentoft &#8211; saxofon 2017 Arvid Aronsson och\u00a0Judith Grad\u00e9n 2016\u00a0Hannes Penns\u00e4ter, Oscar Reingsdahl och Petter Andersson 2015 \u00a0David Carls\u00e9n, Rebecka [&hellip;]<\/p>\n","protected":false},"author":2,"featured_media":0,"parent":0,"menu_order":0,"comment_status":"closed","ping_status":"closed","template":"elementor_header_footer","meta":{"_bbp_topic_count":0,"_bbp_reply_count":0,"_bbp_total_topic_count":0,"_bbp_total_reply_count":0,"_bbp_voice_count":0,"_bbp_anonymous_reply_count":0,"_bbp_topic_count_hidden":0,"_bbp_reply_count_hidden":0,"_bbp_forum_subforum_count":0,"footnotes":""},"class_list":["post-111","page","type-page","status-publish","hentry","post-preview"],"_links":{"self":[{"href":"https:\/\/lomma.lions.se\/index.php?rest_route=\/wp\/v2\/pages\/111","targetHints":{"allow":["GET"]}}],"collection":[{"href":"https:\/\/lomma.lions.se\/index.php?rest_route=\/wp\/v2\/pages"}],"about":[{"href":"https:\/\/lomma.lions.se\/index.php?rest_route=\/wp\/v2\/types\/page"}],"author":[{"embeddable":true,"href":"https:\/\/lomma.lions.se\/index.php?rest_route=\/wp\/v2\/users\/2"}],"replies":[{"embeddable":true,"href":"https:\/\/lomma.lions.se\/index.php?rest_route=%2Fwp%2Fv2%2Fcomments&post=111"}],"version-history":[{"count":15,"href":"https:\/\/lomma.lions.se\/index.php?rest_route=\/wp\/v2\/pages\/111\/revisions"}],"predecessor-version":[{"id":1262,"href":"https:\/\/lomma.lions.se\/index.php?rest_route=\/wp\/v2\/pages\/111\/revisions\/1262"}],"wp:attachment":[{"href":"https:\/\/lomma.lions.se\/index.php?rest_route=%2Fwp%2Fv2%2Fmedia&parent=111"}],"curies":[{"name":"wp","href":"https:\/\/api.w.org\/{rel}","templated":true}]}}